mber?
True
Is 27809470567 a composite number?
False
Is 5100439871 composite?
False
Is 2342061723 composite?
True
Is 45817940249 a composite number?
False
Is 51021846059 composite?
True
Is 834989341 a composite number?
False
Is 167885563 a prime number?
False
Is 4600319071 prime?
True
Is 1750686991 a prime number?
True
Is 3103079893 a composite number?
False
Is 133989959 composite?
False
Is 8718587153 a composite number?
False
Is 2264174791 a composite number?
False
Is 6640415921 composite?
False
Is 870396623 a composite number?
False
Is 2714483129 a prime number?
True
Is 1565123597 a composite number?
True
Is 2686680763 prime?
False
Is 70186648339 composite?
False
Is 8686751533 a prime number?
True
Is 4088150753 a prime number?
True
Is 5443305089 prime?
False
Is 13708649387 a prime number?
True
Is 48349598233 a prime number?
True
Is 3179791619 a prime number?
True
Is 13395692881 a composite number?
True
Is 582576697 a composite number?
True
Is 1568699131 a prime number?
False
Is 7305618361 composite?
True
Is 319224137 a prime number?
True
Is 993136049 a prime number?
True
Is 58009778459 prime?
True
Is 4774303319 a prime number?
False
Is 270335497 a prime number?
True
Is 1359489797 prime?
True
Is 2904150433 composite?
True
Is 143841698894 prime?
False
Is 38509729483 composite?
False
Is 6381788839 composite?
True
Is 193329593 prime?
False
Is 430405769 prime?
True
Is 6518567429 a prime number?
False
Is 10961292637 prime?
True
Is 586121549 a composite number?
True
Is 41735173 a composite number?
False
Is 358862357 a prime number?
False
Is 23257512329 a prime number?
True
Is 10113145831 prime?
True
Is 476127773347 a composite number?
False
Is 65300053721 a prime number?
False
Is 83734402519 composite?
True
Is 3520903873 a prime number?
False
Is 9788095903 a prime number?
False
Is 246813247 a prime number?
False
Is 1866045061 a prime number?
True
Is 454799353 prime?
True
Is 1067541257 a prime number?
False
Is 424977367 a composite number?
False
Is 1341223991 composite?
False
Is 390234569 prime?
True
Is 457726334861 a prime number?
True
Is 342373883 prime?
False
Is 13634108291 composite?
True
Is 315482347 a prime number?
False
Is 546009539 prime?
False
Is 43484693659 composite?
True
Is 5790079037 a composite number?
True
Is 681596711 a prime number?
True
Is 5030882201 a prime number?
True
Is 19589079343 prime?
False
Is 1971596534 composite?
True
Is 18743076587 composite?
False
Is 605849543 composite?
True
Is 29870909 composite?
True
Is 36912961 prime?
False
Is 637477283 prime?
True
Is 265531223 a prime number?
False
Is 35763266779 a prime number?
True
Is 60292468055 composite?
True
Is 7035278339 composite?
False
Is 1504543 a composite number?
False
Is 5768892503 composite?
True
Is 3200468749 a prime number?
True
Is 328340897 a composite number?
False
Is 50553814569 composite?
True
Is 32847797 a prime number?
True
Is 451812157 a composite number?
False
Is 3754010501 a prime number?
True
Is 24940373765 a prime number?
False
Is 4118018551 a prime number?
True
Is 318922607 a prime number?
True
Is 7309136437 composite?
False
Is 627167539 a composite number?
False
Is 33246267661 a composite number?
True
Is 10391402101 a prime number?
True
Is 1799270821 composite?
False
Is 12391772609 a composite number?
True
Is 2075607251 a composite number?
False
Is 4937288771 composite?
False
Is 5900145623 a composite number?
True
Is 23132848261 a prime number?
True
Is 59484783377 a composite number?
False
Is 223370353 a composite number?
True
Is 48096199163 a composite number?
False
Is 325462781 composite?
True
Is 316517947 composite?
False
Is 26324237869 composite?
False
Is 81453353 a composite number?
True
Is 2088341239 prime?
False
Is 5086944183 prime?
False
Is 1517884237 composite?
False
Is 6958199933 prime?
False
Is 3893468477 a prime number?
False
Is 153795089339 a composite number?
False
Is 3183439111 a prime number?
True
Is 17290789729 prime?
True
Is 11675468647 prime?
True
Is 8432014553 composite?
False
Is 4123099445 a prime number?
False
Is 10533785673 a composite number?
True
Is 172651198351 composite?
False
Is 7077397 prime?
False
Is 42488834 composite?
True
Is 10170629657 a prime number?
True
Is 404644363 a prime number?
True
Is 282917381 a composite number?
False
Is 58516092391 a prime number?
False
Is 29735186111 a composite number?
False
Is 1154551147 prime?
True
Is 1264677809 prime?
True
Is 2450918 composite?
True
Is 264828913 a composite number?
True
Is 594988951 a composite number?
False
Is 96032482301 prime?
False
Is 2814460009 prime?
True
Is 7837862527 a prime number?
False
Is 123029953 prime?
True
Is 237718883 composite?
True
Is 4019719081 prime?
False
Is 64786600703 a prime number?
False
Is 9855686749 composite?
True
Is 4015978279 a prime number?
False
Is 6531424897 a composite number?
False
Is 1569785701 a prime number?
False
Is 12061847809 a prime number?
False
Is 1989600059 a composite number?
True
Is 1352813009 prime?
False
Is 30587158663 a composite number?
True
Is 110111783413 prime?
False
Is 6225608021 a prime number?
True
Is 1559077643 prime?
True
Is 20979996241 composite?
False
Is 1249133111 a composite number?
True
Is 3627754171 a prime number?
True
Is 836549573 a composite number?
True
Is 4664645867 a composite number?
True
Is 207485951 a prime number?
False
Is 93620590717 prime?
False
Is 127832007 prime?
False
Is 3147534269 a prime number?
False
Is 388319719 a prime number?
False
Is 14950867 composite?
True
Is 6084099629 composite?
True
Is 1518329479 composite?
True
Is 11929545917 prime?
True
Is 540282059 prime?
False
Is 16992871777 prime?
False
Is 104978999 a composite number?
False
Is 432027143 a composite number?
True
Is 192444443 a prime number?
False
Is 370712623 prime?
True
Is 904753081 a prime number?
True
Is 1062163379 a composite number?
True
Is 3401117222 a prime number?
False
Is 19205956247 a prime number?
False
Is 161563697 composite?
False
Is 1090817591 a composite number?
False
Is 684554441 a prime number?
True
Is 22653696619 a prime number?
True
Is 600124043 a prime number?
False
Is 517501241 prime?
False
Is 2434932587 a composite number?
True
Is 144422659 composite?
True
Is 531463621057 prime?
False
Is 8583407971 composite?
False
Is 24911517979 a prime number?
False
Is 6094808509 prime?
True
Is 40873712059 a composite number?
False
Is 24736074877 prime?
False
Is 948011369 composite?
False
Is 2460773149 a prime number?
False
Is 169457587 a composite number?
True
Is 34261699 a composite number?
False
Is 1758270251 a prime number?
True
Is 7330346591 prime?
True
Is 1421557919 prime?
False
Is 93030911 a prime number?
False
Is 1604728633 prime?
False
Is 28596845867 composite?
True
Is 289977451 prime?
False
Is 138861223637 prime?
False
Is 709114253 a prime number?
True
Is 1096288531 composite?
True
Is 23978551879 composite?
False
Is 3507498679 composite?
False
Is 182584853 composite?
True
Is 534540289 composite?
True
Is 18660325951 prime?
True
Is 4026737873 prime?
False
Is 18064511641 prime?
False
Is 95141249 prime?
False
Is 559644857 a prime number?
True
Is 903548617 a prime number?
True
Is 925175969 a composite number?
False
Is 66003731537 a prime number?
True
Is 1666007961 composite?
True
Is 1228285507 composite?
False
Is 109820144351 a composite number?
False
Is 2635107313 a composite number?
True
Is 30069414571 prime?
False
Is 620139929 a prime number?
False
Is 5396088329 prime?
False
Is 13552767538 a composite number?
True
Is 415271303 a composite number?
True
Is 2272554821 prime?
False
Is 42371611 a prime number?
True
Is 11926979063 prime?
True
Is 1997022707 a composite number?
False
Is 21053846417 composite?
False
Is 1486971071 a prime number?
True
Is 3295976665 composite?
True
Is 2123226743 a composite number?
True
Is 698692039 prime?
True
Is 167531319931 composite?
True
Is 7247946019 prime?
True
Is 8405891071 prime?
False
Is 12237036083 composite?
True
Is 1923684989 prime?
True
Is 4156418879 composite?
False
Is 2215199929 composite?
True
Is 1131270059 composite?
False
Is 21992376001 prime?
True
Is 66546799 prime?
False
Is 3094937403 a prime number?
False
Is 1363126483 prime?
True
Is 1252812877 prime?
False
Is 5786537 a composite number?
False
Is 34840781 composite?
False
Is 16020599905 a composite number?
True
I